{"id":295,"date":"2025-11-04T10:45:00","date_gmt":"2025-11-04T16:45:00","guid":{"rendered":"https:\/\/barriosorquestadoshn.org\/?page_id=295"},"modified":"2025-11-29T08:19:13","modified_gmt":"2025-11-29T14:19:13","slug":"acerca","status":"publish","type":"page","link":"https:\/\/barriosorquestadoshn.org\/?page_id=295","title":{"rendered":"ACERCA DE NOSOTROS"},"content":{"rendered":"\t\t<div data-elementor-type=\"wp-page\" data-elementor-id=\"295\" class=\"elementor elementor-295\" data-elementor-post-type=\"page\">\n\t\t\t\t<div class=\"elementor-element elementor-element-63216e10 e-flex e-con-boxed e-con e-parent\" data-id=\"63216e10\" data-element_type=\"container\" data-e-type=\"container\" data-settings=\"{&quot;background_background&quot;:&quot;classic&quot;,&quot;shape_divider_bottom&quot;:&quot;waves&quot;}\">\n\t\t\t\t\t<div class=\"e-con-inner\">\n\t\t\t\t<div class=\"elementor-shape elementor-shape-bottom\" aria-hidden=\"true\" data-negative=\"false\">\n\t\t\t<svg xmlns=\"http:\/\/www.w3.org\/2000\/svg\" viewBox=\"0 0 1000 100\" preserveAspectRatio=\"none\">\n\t<path class=\"elementor-shape-fill\" d=\"M421.9,6.5c22.6-2.5,51.5,0.4,75.5,5.3c23.6,4.9,70.9,23.5,100.5,35.7c75.8,32.2,133.7,44.5,192.6,49.7\n\tc23.6,2.1,48.7,3.5,103.4-2.5c54.7-6,106.2-25.6,106.2-25.6V0H0v30.3c0,0,72,32.6,158.4,30.5c39.2-0.7,92.8-6.7,134-22.4\n\tc21.2-8.1,52.2-18.2,79.7-24.2C399.3,7.9,411.6,7.5,421.9,6.5z\"\/>\n<\/svg>\t\t<\/div>\n\t\t\t\t<div class=\"elementor-element elementor-element-3f79bed elementor-widget elementor-widget-heading\" data-id=\"3f79bed\" data-element_type=\"widget\" data-e-type=\"widget\" data-widget_type=\"heading.default\">\n\t\t\t\t\t<h1 class=\"elementor-heading-title elementor-size-default\">Acerca de Barrios Orquestados<\/h1>\t\t\t\t<\/div>\n\t\t\t\t<div class=\"elementor-element elementor-element-1b63123 elementor-invisible elementor-widget elementor-widget-text-editor\" data-id=\"1b63123\" data-element_type=\"widget\" data-e-type=\"widget\" data-settings=\"{&quot;motion_fx_motion_fx_scrolling&quot;:&quot;yes&quot;,&quot;motion_fx_translateY_effect&quot;:&quot;yes&quot;,&quot;motion_fx_translateY_speed&quot;:{&quot;unit&quot;:&quot;px&quot;,&quot;size&quot;:2,&quot;sizes&quot;:[]},&quot;motion_fx_translateY_affectedRange&quot;:{&quot;unit&quot;:&quot;%&quot;,&quot;size&quot;:&quot;&quot;,&quot;sizes&quot;:{&quot;start&quot;:50,&quot;end&quot;:100}},&quot;motion_fx_motion_fx_mouse&quot;:&quot;yes&quot;,&quot;_animation&quot;:&quot;fadeInDown&quot;,&quot;motion_fx_devices&quot;:[&quot;desktop&quot;,&quot;tablet&quot;,&quot;mobile&quot;]}\" data-widget_type=\"text-editor.default\">\n\t\t\t\t\t\t\t\t\t<p><b>Barrios Orquestados<\/b> es un proyecto musico-social internacional que utiliza la m\u00fasica como herramienta de transformaci\u00f3n, inclusi\u00f3n social y desarrollo comunitario en entornos vulnerables. El proyecto fue fundado en Canarias, Espa\u00f1a, en el a\u00f1o 2012 por Jos\u00e9 Manuel Brito, compositor y director de orquesta nacido en Las Palmas de Gran Canaria. Presencia y Administraci\u00f3n Internacional. El proyecto se desarrolla en diferentes pa\u00edses a trav\u00e9s de entidades independientes que comparten una metodolog\u00eda y visi\u00f3n pedag\u00f3gica com\u00fan: Espa\u00f1a(Canarias): Asociaci\u00f3n Cultural Orquesta Cl\u00e1sica Bela Bartok administra, gestiona y es sede de origen. P\u00e1gina web: <a href=\"https:\/\/barriosorquestados.org\/\"><b>www.barriosorquestados.org<\/b><\/a>.<\/p>\n<p>Honduras: Desde 2025 por la ONG Asociaci\u00f3n Socio Cultural Barrios Orquestados Honduras (ASBOH) administra y gestiona el proyecto en Honduras. <span style=\"letter-spacing: 0px; background-color: transparent;\">P\u00e1gina web: <a href=\"http:\/\/www.barriosorquestadoshn.org\"><b>www.barriosorquestadoshn.org<\/b><\/a>.<\/span><\/p>\n<p data-path-to-node=\"7\"><b>Nota importante sobre el sustento del proyecto:<\/b><\/p>\n<p data-path-to-node=\"8\">Existe una <b>s\u00f3lida y constante relaci\u00f3n pedag\u00f3gica y de acompa\u00f1amiento metodol\u00f3gico<\/b> entre los profesores de los distintos proyectos de Barrios Orquestados. Sin embargo, aclaramos que <b>las ONGs que los administran no tienen ninguna relaci\u00f3n econ\u00f3mica obligatoria de sustento mutuo<\/b>. Pese a esta independencia, <b>Barrios Orquestados Espa\u00f1a ha impulsado econ\u00f3micamente a Barrios Orquestados Honduras<\/b> a trav\u00e9s de la recaudaci\u00f3n de diversos conciertos ben\u00e9ficos realizados en Espa\u00f1a destinados a la compra de instrumentos y la formaci\u00f3n metodol\u00f3gica de los profesionales. Es relevante mencionar que el proyecto en Honduras comenz\u00f3 en 2018 bajo el amparo de la ONG <b>ACOES<\/b>, la cual provey\u00f3 el sustento econ\u00f3mico del proyecto en el pa\u00eds hasta el a\u00f1o 2024.<\/p>\n<p><strong><b>Modelo de sostenibilidad<\/b>. <\/strong><\/p>\n<p>La continuidad y expansi\u00f3n de Barrios Orquestados en cada pa\u00eds se mantiene gracias a un modelo de financiaci\u00f3n basado en el apoyo de ayudas P\u00fablico-Privadas: cada ONG gestora (como la Asociaci\u00f3n Orquesta Cl\u00e1sica Bela Bartok en Espa\u00f1a y ASBOH en Honduras) subsiste econ\u00f3micamente por las ayudas espec\u00edficas y patrocinios obtenidos en su pa\u00eds de operaci\u00f3n.&nbsp;<\/p>\t\t\t\t\t\t\t\t<\/div>\n\t\t\t\t\t<\/div>\n\t\t\t\t<\/div>\n\t\t\t\t<\/div>\n\t\t","protected":false},"excerpt":{"rendered":"<p>Acerca de Barrios Orquestados Barrios Orquestados es un proyecto musico-social internacional que utiliza la m\u00fasica como herramienta de transformaci\u00f3n, inclusi\u00f3n social y desarrollo comunitario en entornos vulnerables. El proyecto fue fundado en Canarias, Espa\u00f1a, en el a\u00f1o 2012 por Jos\u00e9 Manuel Brito, compositor y director de orquesta nacido en Las Palmas de Gran Canaria. Presencia [&hellip;]<\/p>\n","protected":false},"author":1,"featured_media":0,"parent":0,"menu_order":0,"comment_status":"closed","ping_status":"closed","template":"elementor_header_footer","meta":{"_seopress_robots_primary_cat":"","_seopress_titles_title":"","_seopress_titles_desc":"","_seopress_robots_index":"","footnotes":""},"class_list":["post-295","page","type-page","status-publish","hentry"],"brizy_media":[],"_links":{"self":[{"href":"https:\/\/barriosorquestadoshn.org\/index.php?rest_route=\/wp\/v2\/pages\/295","targetHints":{"allow":["GET"]}}],"collection":[{"href":"https:\/\/barriosorquestadoshn.org\/index.php?rest_route=\/wp\/v2\/pages"}],"about":[{"href":"https:\/\/barriosorquestadoshn.org\/index.php?rest_route=\/wp\/v2\/types\/page"}],"author":[{"embeddable":true,"href":"https:\/\/barriosorquestadoshn.org\/index.php?rest_route=\/wp\/v2\/users\/1"}],"replies":[{"embeddable":true,"href":"https:\/\/barriosorquestadoshn.org\/index.php?rest_route=%2Fwp%2Fv2%2Fcomments&post=295"}],"version-history":[{"count":5,"href":"https:\/\/barriosorquestadoshn.org\/index.php?rest_route=\/wp\/v2\/pages\/295\/revisions"}],"predecessor-version":[{"id":718,"href":"https:\/\/barriosorquestadoshn.org\/index.php?rest_route=\/wp\/v2\/pages\/295\/revisions\/718"}],"wp:attachment":[{"href":"https:\/\/barriosorquestadoshn.org\/index.php?rest_route=%2Fwp%2Fv2%2Fmedia&parent=295"}],"curies":[{"name":"wp","href":"https:\/\/api.w.org\/{rel}","templated":true}]}}